 = -1500 + 20831. List the prime factors of p.
13, 1487
Let q = -470 - -498. Suppose -q*p = p - 23664. What are the prime factors of p?
2, 3, 17
Let s(z) = 15075*z + 23. List the prime factors of s(6).
90473
Let l(c) = c**3 - 16*c**2 + 50*c - 156. What are the prime factors of l(26)?
2, 13, 19
Let t(x) = -18*x + 2. Suppose -72 = -7*s + 96. Let y be (s/(-16))/((-6)/(-8)). List the prime factors of t(y).
2, 19
Let x(m) = 110*m**2 - 91*m - 861. List the prime factors of x(-9).
2, 3, 739
What are the prime factors of (234/104)/((-7)/((-63560)/3))?
2, 3, 5, 227
Let z = 2 - 0. Let p(w) be the second derivative of 19*w**5/20 - w**4/12 + 2*w**2 - 74*w. List the prime factors of p(z).
2, 19
Suppose 1882197 - 113628 = 33*o. What are the prime factors of o?
53593
Suppose 3024 = -3*z - 4*z. Let a = z - -727. What are the prime factors of a?
5, 59
Suppose -x - 9 + 14 = 0. Suppose x*m + 290 + 665 = 0. Let z = m + 370. What are the prime factors of z?
179
Let s(l) = 1077*l**2 + 85*l + 6. List the prime factors of s(-3).
2, 3, 787
Suppose 0 = 3*k + f - 4539 - 452, -8317 = -5*k - 2*f. What are the prime factors of k?
3, 5, 37
Suppose 0 = 2*r + 5*w - 4041, 27*r - 23*r = -4*w + 8040. What are the prime factors of r?
2003
Suppose 26*f - 24*f - 10 = 0. Suppose -4*a - 18*p + 15*p = -2483, 0 = -f*a - 5*p + 3105. What are the prime factors of a?
2, 5, 31
What are the prime factors of (1955/(-4))/(162/24 - 7)?
5, 17, 23
Let i(x) = x**2 + 21*x - 15. Let a be i(-23). Suppose a*l + q - 1314 = 26*l, 4*q = -5*l + 1326. What are the prime factors of l?
2, 131
Let m be 0/(-9 + 3) - -7. Let n(f) = 8*f**2 + 10*f - 45. List the prime factors of n(m).
3, 139
Suppose 5*j + 3*y = -1710, -2*y - 1710 = 5*j + 3*y. Let m be ((-54)/(-12))/(3/j). Let x = -255 - m. List the prime factors of x.
2, 3, 43
Let t(a) be the second derivative of 4*a**3/3 + 7*a**2 - a. Let l be 192/40*(-5)/(-2) - (-12)/(-2). List the prime factors of t(l).
2, 31
Suppose 0 = h - 3*r - 138, -3*h + 398 = 5*r + 54. Suppose 5*k + 8*k = 52. Suppose -2*x = -g + h, k*x = g + 2*g - 367. List the prime factors of g.
11
Suppose -m = -3*t - 15, -3*m - 2*t + 45 = -4*t. Let b be -8 + 108 - (-3 + 6). Suppose 0 = -m*j + 757 - b. List the prime factors of j.
2, 11
Suppose 2*a - 8 = -0*a, -4*a = -5*x + 194. Suppose -40*w - 2 = -x*w. What are the prime factors of -3 - w/(-1) - (-21 + 2)?
17
List the prime factors of ((-28)/21)/(16/(-73020)).
5, 1217
Suppose -49 = 4*q - h, -3*h - 10 = -5*q - 73. Let r be q*((-5)/10 + 1). List the prime factors of -15*1/(9/r).
2, 5
Let l(s) = 6*s**2 - s + 5. Let x be l(6). Suppose 0 = 4*q + k - 13, -2*k = -3*k - 3. Suppose q*m - 218 - x = -w, 100 = m + 3*w. What are the prime factors of m?
109
Suppose -189 = 5*d + 5*g - 4079, -4*d + 3107 = -g. What are the prime factors of d?
3, 7, 37
Suppose -9*p - 1722 = -2*p. Let w = -32 - p. Suppose k = -j + 148, -4*k = -2*j + w + 100. What are the prime factors of j?
151
Let z(s) = 23*s + 5. Let f(m) = -m**2 - 3*m + 2. Let l be f(-3). Suppose -l - 4 = -2*d. List the prime factors of z(d).
2, 37
Suppose 20*c - 6488 - 13699 = 44633. List the prime factors of c.
7, 463
Suppose 3*b + 6*h - 2*h - 65138 = 0, -3*h = 4*b - 86867. List the prime factors of b.
2, 10861
Let i(n) = -n**3 + 46*n**2 + 16*n - 74. List the prime factors of i(34).
2, 71, 101
Suppose -3*r = 3*j - 1125, 4*r - 705 = 5*j - 2616. Let x = 856 - j. What are the prime factors of x?
3, 53
Suppose 0 = 489*b - 485*b + 14704. List the prime factors of ((-40)/(-96) - (-2)/(-3))*b.
919
Let m(c) = 2*c**2 - 12*c - 3. Let q(p) = p**2 - 11*p - 4. Let j(v) = 2*m(v) - 3*q(v). Let t = -21 + 12. List the prime factors of j(t).
2, 3
Let t = -554 - -554. Suppose 30*x = 26*x + 2*g + 208, -3*x + 2*g + 155 = t. What are the prime factors of x?
53
Let o be ((-1)/1 + 21)*8/5. Suppose 42*f - 500 = o*f. List the prime factors of f.
2, 5
Let s = -4369 - -9459. What are the prime factors of s?
2, 5, 509
What are the prime factors of -18*8/(-9)*(-24828)/(-16)?
2, 3, 2069
Let s = 332 + -493. Suppose 2*q + 128 = -12. Let k = q - s. What are the prime factors of k?
7, 13
Let f(m) = -m**3 + 10*m**2 + 3*m - 9. Let c be f(8). Suppose 3*b - 13 = c. Let h = -30 + b. What are the prime factors of h?
2, 11
Let t(f) = -2*f**3 - 15*f**2 - 20*f + 112. What are the prime factors of t(-18)?
2, 17, 107
Let j be 2/(-9) + 29/9. Suppose 0 = -2*a + 2*y + 2 - 10, -j*a + 4*y = 17. List the prime factors of (0 + (2 - 1)*97)/a.
97
Let p = 33598 - 13174. What are the prime factors of p?
2, 3, 23, 37
What are the prime factors of 12214/(-7)*147/(-42)?
31, 197
Let a(u) = 5*u + 76. Suppose 0 = -w + 3*c - 1, -c = -4*w - 2*c + 35. What are the prime factors of a(w)?
2, 29
Let d(r) = 16*r**3 - 4*r**2 + 5*r - 10. Let z be -1*(-2)/2 + (6 - 4). What are the prime factors of d(z)?
401
Let o(x) = x**2 - 15*x + 60. Let f be o(7). Let i be 1724/52 - f/26. What are the prime factors of (-3 - (-15)/3) + i?
5, 7
List the prime factors of (544/8)/(18/2727).
2, 3, 17, 101
What are the prime factors of (-763256)/(-247) - 2*(-6)/(-114)?
2, 3, 5, 103
Suppose 5*i = q + 17, -q - 13 - 9 = -4*i. Let t = q + 47. Suppose 7*z = -2*c + 2*z + 203, 5*z - t = 0. List the prime factors of c.
3, 11
Let o(a) = 9*a**3 - a**2 - 19*a + 2. Suppose 11*y - 82 = -38. List the prime factors of o(y).
2, 3
Let r = 14 + 22. Suppose -318 = -2*v - r. Suppose 11*s - 680 = -v. List the prime factors of s.
7
List the prime factors of 32572 - ((-159)/(-106) + (-75)/6).
3, 10861
Let s be 32 + (9/(-12) - (-18)/24). Let t = s - -80. What are the prime factors of t?
2, 7
Let k(p) be the first derivative of 5*p**3/3 + 3*p**2/2 + 4. Let q be k(7). Let u = 385 - q. List the prime factors of u.
7, 17
Let z(r) = 68*r**2 + 4*r + 15. Let h be z(-2). Let v = h + -80. What are the prime factors of v?
199
Let s(g) = g**2 + 16*g + 29. Let j be s(-14). Let z(r) = 5*r**2 + j + 33*r - 4*r**2 - 19*r. What are the prime factors of z(-16)?
3, 11
Suppose 0*n = -46*n + 17480. Suppose n + 207 = p. List the prime factors of p.
587
Let n be (-8649)/(-27) - ((-28)/6 - -4). Let k = n + 378. List the prime factors of k.
3, 233
Let l(w) be the third derivative of 11*w**6/20 - 60*w**2. What are the prime factors of l(1)?
2, 3, 11
Suppose -50*z + 82991 = -45*z - 3*a, -83012 = -5*z - 4*a. What are the prime factors of z?
2, 5, 83
Suppose 6*o - 118410 - 23420 = 85594. What are the prime factors of o?
2, 23, 103
Let n be (-30)/(-20) + (3 - (-9)/(-2)). Suppose -41*c + 25*c + 22032 = n. List the prime factors of c.
3, 17
Suppose -4*q = -h + 327, h - 4*q + 1029 = 4*h. Suppose -2*a + h = -473. What are the prime factors of a?
2, 7, 29
Let l(j) = j**3 - 21*j**2 - 42*j + 3. Let q be l(22). Let k = 64 - q. What are the prime factors of k?
3, 167
Suppose 45*p + 30339 = 226989. List the prime factors of p.
2, 5, 19, 23
Let g(b) = 6*b + 123. Let y be g(-19). What are the prime factors of 514 - y/(27/(-6))?
2, 3, 43
Let r(g) = 3*g - 9. Let j be r(3). Suppose j = 2*h + 3*h. Suppose 3*l - 186 = -3*x - h*l, 310 = 5*x + 4*l. What are the prime factors of x?
2, 31
Let u = 381 - 91. Suppose 3*h = 4*k - 1160, -4*h + u = -6*k + 7*k. List the prime factors of k.
2, 5, 29
Let h(t) = 4*t - 3. Let v be h(20). Let a = 73 + -28. Let y = v - a. List the prime factors of y.
2
Let l(b) = -4755*b - 830. List the prime factors of l(-10).
2, 5, 73
Suppose 4*b = 2*b + 10. Suppose -2*v + w + w + 178 = 0, v + b*w - 107 = 0. Suppose 13*j - 15*j = -v. What are the prime factors of j?
2, 23
Suppose -83*o + 2322345 = 292331. What are the prime factors of o?
2, 7, 1747
Let b(i) = -i**3 - i**2 + 185. Suppose -111*u + 114*u = 0. Let w be (u/1)/(-4) + 0. What are the prime factors of b(w)?
5, 37
Let k(z) = -z**2 - 2*z - 2. Let x be k(0). Let v be (1/x)/((-1)/4). Suppose -v*r + 4*y + 31 = 5, 4*r - 13 = -5*y. What are the prime factors of r?
7
List the prime factors of (-113602)/(-42) + 6/(-42) - 45/27.
3, 17, 53
Let z be (-15)/(-30)*4*1185. Suppose 4*m + 3*v = -0*m + 1924, -5*m + z = -5*v. List the prime factors of m.
2, 239
Let p(f) = 1173*f - 1208*f - 5 + f**2 - 1. List the prime factors of p(-17).
2, 439
Suppose 5*q = -4*v - 7 + 14, -2*q + v + 8 = 0. Suppose 0 = -3*n + q*c - 21, 5*c - 29 = 2*n + 2*n. What are the prime factors of 18/(-4)*64/n?
2, 3
Suppose 2*q + 4 = 4*j, 